 22 + 11. Is ((-6)/(-9))/(i/(-159)) a composite number?
False
Let h = -6 + 11. Suppose -h*o + 560 - 115 = 0. Suppose -q + 2*k = -43, -3*q + o = -3*k - 46. Is q a prime number?
True
Suppose -4*r + 262 = 2*h, 5*h = r + 2*r - 190. Let k = -4 + 3. Is r + k + (-3 - -1) composite?
True
Let l(w) = 17*w - 23. Is l(8) prime?
True
Suppose 0 = -b + 118 + 496. Is b composite?
True
Suppose 168 = 2*f - 0*f. Let r = -10 + f. Is r prime?
False
Let i(d) = d - 11. Let s be i(5). Is (316/12)/((-2)/s) a prime number?
True
Suppose 3*f - 4*i - 5540 = -5*i, -4 = 4*i. Is f prime?
True
Let h(b) = b**2 + 2*b + 1. Let r be h(-1). Suppose -2*x - v + 36 - 1 = 0, r = -x - 5*v + 4. Is x a prime number?
True
Suppose -17*c - 2515 = -22*c. Is c composite?
False
Suppose 0 = p - g - 373, 4*g - 3*g = -5*p + 1853. Is p a prime number?
False
Let i(v) = 43*v**3 + 5*v**2 - 5*v - 5. Is i(4) composite?
True
Suppose 3*j - 19 = 2*a, 0*a = -2*a - 10. Suppose -4*r = -4, s + j*r + r - 11 = 0. Is s a composite number?
False
Let h = 2331 + -1452. Is h prime?
False
Let s(a) = a**2 - a + 1. Let m be s(2). Suppose 0 = -2*v - m*v + 425. Is v prime?
False
Suppose 0 = 4*g - 8. Suppose k = -2*f + 7*f + 21, -f = g*k + 2. Is (f/(-2) + -3)*-97 a prime number?
True
Suppose 0 = -4*j + 2*z + 366, -2*j - 6 + 169 = 3*z. Suppose 0 = -5*p - 0*p - 3*b + 409, -p + 3*b + j = 0. Is p a prime number?
True
Suppose 0*w = -2*w - 3*q - 6, w - 5*q - 23 = 0. Let s = w - -46. Is s composite?
True
Is -2*(3 - (-292)/(-8)) a composite number?
False
Suppose 5*a + 5*r - 40 = 0, 0*a = 5*a + 3*r - 30. Suppose 2*d + 12 = 46. Suppose -a*u + 134 - d = 0. Is u composite?
True
Is (3 - 1)/(-10) + 9052/10 composite?
True
Is (4360 - 2)/1*7/14 a composite number?
False
Let r = 10 - -12. Is r a prime number?
False
Let k = -22 + 209. Is k a composite number?
True
Suppose -3*p = -p - 6. Let q(y) = -127*y + 1. Let m be q(p). Let f = m + 543. Is f composite?
False
Let a(b) = -3 + 2 + 2 + 4*b - b**2. Let u be a(2). Suppose -84 + 14 = -4*m - u*v, 0 = 4*m - 3*v - 54. Is m a prime number?
False
Suppose -3*u = 6 + 24. Is (-265)/u*(-4)/(-2) a prime number?
True
Let w = 5576 - 67. Is w composite?
True
Let b = 19 + -15. Suppose -b*f + 42 + 394 = 0. Is f a prime number?
True
Let n be 2/(-9) - 28/36. Is 114/8*(5 + n) a composite number?
True
Suppose -p + 31 = -3*w, -3*w + 215 = 3*p + 74. Is p prime?
True
Let u(y) = -y + 4. Let r be u(2). Suppose -r + 125 = 3*w. Suppose -2*p = -2*i + 3*i - 31, -4*i = -3*p + w. Is p prime?
False
Let o be 105 - 6/(4 - 2). Let d be 22/6 - (-4)/(-6). Suppose -q + 48 = -3*l, -5*q + d*q + 4*l = -o. Is q composite?
True
Suppose -4*c + 16 = -4. Suppose 0 = 2*m - c*m + 9. Suppose -t = -2*q + m*t + 110, 4*q - 3*t - 215 = 0. Is q a prime number?
True
Suppose c = 6*c - 15. Let j be 9/(-15)*5/(-1). Suppose j*u - 60 = -c. Is u a prime number?
True
Let f = 365 - 257. Let c be (-41)/(-4) - 18/(-24). Let m = f - c. Is m composite?
False
Let d(t) = -2077*t. Let x(g) = -496*g. Let p(r) = 33*r. Let q(l) = -31*p(l) - 2*x(l). Let m(f) = -6*d(f) + 403*q(f). Is m(-1) a composite number?
False
Let a(w) be the first derivative of w**4/6 - 5*w**3/6 + w**2 + 4. Let u(c) be the second derivative of a(c). Is u(4) a composite number?
False
Let i(l) = -l**2 + 5*l + 2. Let f be i(-4). Is (-3)/(1 - (-37)/f) a composite number?
True
Let w(d) be the second derivative of -d**5/60 - 11*d**4/24 - d**3/2 - 3*d**2/2 + 3*d. Let a(j) be the first derivative of w(j). Is a(-10) a prime number?
True
Suppose -5*j - 12 = -2*m + 20, -14 = m + 5*j. Suppose -m*q - 8 = -8*q. Suppose -42 - 106 = -q*w. Is w prime?
True
Let h(p) = -13*p - 6. Let w be (-69)/12 + (-3)/12. Let k = -11 - w. Is h(k) composite?
False
Suppose 0*r - 25 = -5*r. Suppose r*d - 10 = 0, -4*w = 3*d - d - 2296. Is w prime?
False
Suppose -3*o + 5*k + 630 = 0, -2*k + 2 = 8. Is o a prime number?
False
Let a = 4 - 10. Let m be (2/a)/((-7)/21). Is (-2*m + -75)/(-1) prime?
False
Suppose 9 = 4*h + 1, -4*l + 1142 = -3*h. Is l a composite number?
True
Suppose -2252 = -2*l - 2*l. Is l a prime number?
True
Let d = 669 - 250. Is d prime?
True
Let s be (-4)/(-6) - 44/(-6). Suppose -s = l - 73. Is l composite?
True
Let f(q) = 2*q + 4. Let b be f(-3). Is ((-31)/b)/(6/12) composite?
False
Suppose 3*y = y + 502. Is y a composite number?
False
Is 1/(-2)*1346/(-1) a prime number?
True
Let v(m) = -6*m**2 - m**2 + 5*m + 1 + 2*m**2 + m**3. Let o be v(4). Suppose -j + 9 = i, -46 + o = -5*j - 3*i. Is j a prime number?
True
Suppose -5*r = 2*r - 9863. Is r composite?
False
Suppose 5*q + 61 = t, -204 - 16 = -4*t - 4*q. Let r be t/6*(-24)/(-4). Suppose 5*j = -2*z + 105, 2*j = -2*z + r - 14. Is j a composite number?
True
Suppose -3*i = 4*n - 957, -705 = 2*n - 5*n + 2*i. Is n a prime number?
False
Let j(w) = 5*w**2 + 30 - 4*w**2 - w**3 + 193. Is j(0) a prime number?
True
Let s = -3260 - -5581. Is s prime?
False
Let o(u) = -13*u - 15. Let q(r) = -2*r**2 - 2. Let v be q(-2). Is o(v) prime?
False
Let x = 145 - 64. Let v = -44 + x. Is v prime?
True
Let g = -4 - -23. Let j be -2 - -31 - 1/(-1). Let m = j - g. Is m prime?
True
Suppose -3*n + 10 = k, -k - 3 + 18 = 4*n. Let s be n/10 + (-6)/(-4). Suppose 132 = 4*l - 3*v + v, l = s*v + 27. Is l a composite number?
True
Suppose 3*m - 3*w = 582, -4*m + 71 = -w - 717. Suppose 2*n - 220 = m. Let u = n + -120. Is u prime?
True
Suppose -1 = 3*h - 19. Is h prime?
False
Let u(m) = -m**3 + 7*m**2 - 6*m. Let o be u(6). Let t = o - 0. Is 17 + 2 + 0 + t a composite number?
False
Let y(n) = -14*n + 2. Let c be y(-6). Let b = 123 - c. Is b a prime number?
True
Is (-8 + 11)/((-6)/(-478)) composite?
False
Suppose -2*q + c = -758, -2*c = -4*q - c + 1516. Is q composite?
False
Suppose -9*i + 4*i = -8465. Is i prime?
True
Suppose 5*w + 4*g = 34, 5*g = -5*w + 2*w + 23. Suppose 0 = -2*t + 18 - w. Let a(x) = x**2 + 7*x + 1. Is a(t) a composite number?
False
Suppose 9*o - 14*o = -10225. Is o a prime number?
False
Let o = -742 - -361. Is 2/(1137/o + 3) composite?
False
Let r be (-8)/(-4) + (-2)/(-2). Let l(z) = 3 - 3*z - 1 + 0*z + 8*z**2. Is l(r) prime?
False
Let z(t) = 37*t - 10. Let r be z(10). Suppose -r = 5*v - 1085. Suppose -4*k + 3*c = -248, -3*c = 5*k + v - 428. Is k a composite number?
False
Suppose 3*f = -4*g + 1429, 4*g - 2387 = -6*f + f. Let s = 852 - f. Is s prime?
True
Let t(x) = -x**3 + 6*x**2 + 2*x + 2. Suppose -l + 2 = 0, -l - 14 = -3*v + l. Suppose -v*p = -3*p - 18. Is t(p) prime?
False
Suppose 5*n = 15, -z - 2*z + 1812 = 5*n. Is z composite?
False
Suppose -4*d + 7 = q, -3*d - 3*q + 5 - 2 = 0. Suppose 13 = -2*c - 5*m, 4*c - 49 = d*m + 3*m. Let x = 9 + c. Is x prime?
False
Suppose 9 + 6 = 5*n. Let v(r) = r - 6. Let x be v(9). Suppose x = -n*k + 168. Is k a prime number?
False
Let q(o) = -o + 36. Let u be q(0). Let x = u + -11. Is x composite?
True
Let z = -7 - -13. Let l(n) = 36*n - 3. Let g be l(z). Suppose -2*f + g = f. Is f a composite number?
False
Suppose -3*t = 4*q - 430, 104 = q - 2*t + t. Let h = -44 + q. Suppose -s - s - h = -3*g, 2*g + 3*s - 50 = 0. Is g a prime number?
False
Let z(s) = -415*s**2 + 5*s + 11. Let j(d) = -138*d**2 + 2*d + 4. Let f(u) = 8*j(u) - 3*z(u). Is f(1) a composite number?
True
Suppose -8*g - 5241 = -11*g. Is g a composite number?
False
Suppose -p - 4*p = -1550. Suppose -4*r + 2*r + p = 0. Is r composite?
True
Let g(k) = k**2 - 11 + 1 - 1 + k + 3*k. Is g(-9) a composite number?
True
Let d(p) = -143*p + 7. Is d(-2) composite?
False
Let v be (1/(-1))/((-2)/(-2)). Is -22*(63/(-6) + v) a prime number?
False
Suppose -h = 4*h - 3*q, -3*h - q = 0. Suppose 2*o + h*o = 6. Suppose 3*l = -o*i + 426, -3*l = -5*i + l + 719. Is i composite?
True
Suppose 5*v - 512 = 2*n, 4*v = -2*n + 166 + 240. Suppose -4*i = 2*t - v, -45 = -t - 6*i + i. Is t prime?
False
Let y = -9 - -5. Let a(b) = 20*b - 1. Let k be a(3). Is k*2 + (-4)/y a prime number?
False
Let g(c) = -c**3 + 18*c**2 + 17*c + 25. Is g(18) a prime number?
True
Suppose -4*n + 8 + 8 = 0. Let y(m) = m**3 - m**2 + 3*m - 1. Is y(n) a prime number?
True
Let g(t) = -t**2 - 9*t - 5. Suppose 0 = -2*c + c - 4. Let y be g(c). Let s = 46 - y. Is s prime?
True
Let m be (1768/(-3))/(6/18). Is 2 + (m/4)/(-2) composite?
False
Let f be 1*(0 - -1) + -2. Let h(g) = -83*g**3 - g - 1. Is h(f) composite?
False
Let r(m) = -9*m**3 + m. Let q be r(-1